026 = 0. Let t = z + 493. What is the units digit of t?
0
Let p(w) = 61*w - 4 + 5*w**2 + w**2 + 3*w**3 - w**2 + 5*w**3 - 81*w. What is the units digit of p(5)?
1
Let o = -478 + 553. What is the tens digit of ((-81)/6)/3*(-31750)/o?
0
Let y be ((-96)/(-3))/(-4)*-1. Let f(o) = -o + 13. Let c be f(y). Suppose 6*s - 42 = -t + 3*s, s = c*t - 258. What is the tens digit of t?
5
Let i = 156 + -163. What is the tens digit of i/(-21) - (-884)/3?
9
Let v(b) be the first derivative of -7*b**4 + 5*b**2/2 + 5*b - 82. What is the units digit of v(-2)?
9
Suppose -23887 = -5*l + 2*c, 0 = 2*l - 24*c + 29*c - 9549. What is the units digit of l?
7
Let g = 12603 + -5147. What is the thousands digit of g?
7
Suppose -3*r - z + 78 = 23, -3*r = 2*z - 59. Suppose 14*n - r*n = 6. What is the tens digit of n - -8*2*5?
7
Let r = 61 - 106. Suppose -u = -o - 21, 5*o = 4*u - 44 - 59. Let w = o - r. What is the tens digit of w?
2
What is the units digit of 1011 + ((-21)/(-7) - -6)?
0
What is the units digit of (-38*16387/(-14))/(-2 - -3)?
9
Let h(g) = -g**3 - 44*g**2 + 131*g + 106. Let y be h(-47). What is the tens digit of 32/y - 54286/(-36)?
0
Suppose -2*r + 10 = 0, 14351 = -5*o - 4*r + 79251. What is the ten thousands digit of o?
1
Let k = 254 + -29. Let n = k + 260. What is the units digit of n?
5
Let m(n) = 3*n - 10. Let f be m(-2). Let a(g) = g**2 + 4*g - 23. Let y be a(f). Suppose -4*z + 497 - y = 0. What is the tens digit of z?
8
Suppose 3*l = -3*q + 63, 3*l - 2*q = -3*q + 63. Suppose -l*x + 1219 = -1028. What is the tens digit of x?
0
Suppose 1054 + 2144 = 2*g. What is the tens digit of g?
9
Let l(d) = 7*d**2 - 362*d - 112. What is the ten thousands digit of l(-28)?
1
Suppose 0 = -3*t + 4*b + 29874, 3*b + 7401 = t - 2547. What is the thousands digit of t?
9
Suppose 0 = -642*p + 657*p - 112395. What is the thousands digit of p?
7
Let u(h) = h**3 + 6*h**2 - 25*h - 45. Let z be u(-5). Suppose -2*c - z + 541 = 0. What is the units digit of c?
8
Let y(o) = o + 5. Let i be y(0). Suppose -i*j = 92 + 83. What is the tens digit of (-1)/(j/(-10)) + (-746)/(-14)?
5
Suppose 4*t - 1 = a, 3*a + 6*t = t + 14. Let k(q) = -4*q**2 + 3*q**3 - a*q**2 - 2*q**3 - 10 - 3*q. What is the tens digit of k(8)?
3
What is the tens digit of 102/(1/(240/4)) - 4?
1
Suppose 57780 = 13*x + 13*x - 16*x. What is the units digit of x?
8
What is the tens digit of 36/15*(-28840)/(-21)?
9
Let q(i) = i + 1. Let z be q(4). Suppose 17 = 5*m - 3*l + 2*l, -4*m = z*l - 2. Suppose 2*r + 15 = -r, -54 = -m*c + 3*r. What is the units digit of c?
3
Suppose 10 + 686 = 3*y. Suppose r - 5*r = -y. What is the tens digit of (r - -1) + 3 + 1?
6
Let u(k) = -k - 5. Let z be u(-12). Suppose 15*p - z*p = 440. What is the tens digit of p?
5
Let p = 22 - 19. What is the units digit of 2255/10 - p/(-6)?
6
Let l = -346 + 270. Suppose 5*j - 893 = -4*k, 0*j - 2*j = 5*k - 1112. Let d = k + l. What is the tens digit of d?
4
Let u(v) = -4*v**3 - 20*v**2 - 2*v - 5. Let n be u(-5). Suppose -5*c + 393 = -3*z - 316, -n*z = -3*c + 435. What is the units digit of c?
0
Let j be (16/20)/(4*2/700). Let m = j + 5. What is the units digit of m?
5
Let x(n) = 2*n**3 - 31*n**2 - n + 48. What is the units digit of x(21)?
8
Let l(n) = n**2 - 16*n - 31. Suppose 0 = -12*q - 210 - 138. What is the thousands digit of l(q)?
1
Let r be 105/28 - 1/(-4). Suppose 0 = -5*n + r*p + 147, 2*n - 5*p - 60 = -4*p. What is the tens digit of (n + 5)*(-22)/(-8)?
9
Let v = -6712 + 38353. What is the units digit of v?
1
Let w = -20 - -20. Suppose 7*m = -w*m + 21. Suppose -2*h + m*n = -85, -64 = -0*h - 2*h - 4*n. What is the units digit of h?
8
Suppose 5*z - z + 3*c = 0, -3*z - 4*c = -7. Let f be (-18)/((-1)/((-3)/z)). Suppose 0 = -3*h - 3 + f. What is the units digit of h?
5
Let r = 26 + -24. Let g be ((-396)/(-15))/(-6) - r/(-5). What is the tens digit of (6/g)/((-66)/4136)?
9
Let p be ((-14)/(-21))/((-1)/(-1062)). Let u = p + -418. Let r = -189 + u. What is the units digit of r?
1
Suppose 0 = 3*o + 9, -20*r + 5*o = -17*r - 19029. What is the thousands digit of r?
6
Let c be 10*(-5 - -2 - -8). Let i = c + -44. Suppose -i*z + 9*z = 120. What is the tens digit of z?
4
Let q = 35 + -30. Suppose -5*l - q - 2 = 4*c, -4*l - 10 = c. What is the units digit of ((-4)/(-1) - 5) + c?
1
Suppose 2 = -4*j - 6. Let i(n) = 19*n + 14. Let y be i(j). What is the units digit of 2/6*-2 - 2128/y?
8
Suppose -260231 = -11*z - 172180 + 216044. What is the units digit of z?
5
Let t = 283 + -281. Suppose -t*g + 3636 = 7*g. What is the tens digit of g?
0
Let x(a) = -258*a - 3132. What is the tens digit of x(-44)?
2
Let r = 72 - 218. Suppose 0 = -4*q - 324 - 80. Let u = q - r. What is the units digit of u?
5
Let b(s) = -s**3 + 10*s**2 + 13*s - 22. Let i be b(11). Suppose i = p + k + 1, 1 + 1 = 4*p + 2*k. Suppose -p*n + 62 = -72. What is the tens digit of n?
6
Let a = -10968 - -73461. What is the units digit of a?
3
Let v(c) = -79*c**2 - 5*c + 16. Let s(h) = -158*h**2 - 10*h + 31. Let m(w) = -6*s(w) + 10*v(w). What is the hundreds digit of m(2)?
6
Suppose 4*o - 1671 = 1401. Let t = o - -133. What is the units digit of t?
1
Suppose 5*f = 2*x + 2240, -3*f - 2*f - 3*x + 2215 = 0. Let t = 783 - f. What is the tens digit of t?
3
Let d = 44665 - 6807. What is the ten thousands digit of d?
3
Suppose 0 = -7*p + 15 + 13. Suppose -p*t + 142 + 174 = 0. Suppose -3*j + t = -86. What is the tens digit of j?
5
Let f(x) = -2*x + 7. Let t be f(8). Suppose -4*n + 284 = 3*l, l - 5*n = 2*l - 102. What is the tens digit of t/(l/(-20) - -4)?
1
Let o(f) = f**3 + f**2 + f + 2. Let u(b) = -b**2 + 13*b - 22. Let a be u(11). Let d be o(a). What is the tens digit of 3*(-122)/(-3) + d?
2
Let s = -12005 + 18890. What is the hundreds digit of s?
8
Suppose -5 - 4 = 3*w. Let t be (w + (-20)/15)*18. Let l = 137 + t. What is the units digit of l?
9
Let b(y) = -27*y - 19. Let l(s) = -28*s - 19. Let v(o) = 6*b(o) - 5*l(o). Suppose 2*g = 2*f + 12, -6*f + 2*g - 20 = -2*f. What is the units digit of v(f)?
9
Suppose 64 - 85 = -3*q, -5*q - 36454 = -3*p. What is the tens digit of p?
6
Suppose 3*u + l = -21, 2*u + 0*l = 4*l. What is the units digit of -1 - (-6)/(-2) - 2256/u?
2
Let b = 1 + 2. Suppose 3*g + o - 2318 = 7*g, b*g - 4*o = -1732. What is the tens digit of (2/2)/((-20)/g)?
2
Suppose 3*z - 299425 = -5*v, -179*v - 119779 = -181*v - 3*z. What is the thousands digit of v?
9
Suppose -31*l = 14020 - 115700. What is the hundreds digit of l?
2
Let j(o) = 3*o + 2. Let d be j(-10). What is the hundreds digit of (d/16)/(6716/1680 + -4)?
7
Let g(x) = 21*x**2 - 75*x - 6. Let b be g(6). Suppose 8*c + b = 14*c. What is the tens digit of c?
5
Let a(p) = p**2 - 11*p + 6. Let z be a(5). Let v = -13 - z. Suppose -108 = -v*q + 8*q. What is the units digit of q?
6
Let g(v) = -13*v**3 - 14*v**2 + 33*v + 32. Let m(o) = -37*o**3 - 43*o**2 + 97*o + 95. Let z(l) = 17*g(l) - 6*m(l). What is the hundreds digit of z(-19)?
7
Let p(k) = -k**3 + 8*k**2 - 11*k + 7. Let i(s) = 2*s**2 + s + 3. Let m be i(3). Let v be (-16)/m + (-1)/(-3)*14. What is the tens digit of p(v)?
2
Let x(y) = -19*y - 9. Let t be x(-10). Suppose -t = -3*o - 16. Let f = o - -22. What is the units digit of f?
7
Let a(s) = -2340*s + 982. What is the tens digit of a(-8)?
0
Let s be 0 + 4 - 1 - -1. Let d(v) = -3*v**3 + 6 - 3*v**3 + s*v**3 - 8*v + 3*v**3. What is the units digit of d(6)?
4
Let r be (-6)/(-63) - (-91474)/21. Suppose 19*y = 8*y + r. What is the units digit of y?
6
Suppose -5*d - 2*f = -0*f + 1549, 2*d + 2*f = -616. What is the hundreds digit of 8/((-32)/20) - d?
3
Let m = 70 - 67. Suppose -b = -2*t - 20, 2*b - m*t = 25 + 14. Let w = 47 - b. What is the tens digit of w?
2
Let q(v) = v**3 + 4*v**2 - 18*v. Let x be q(-7). What is the hundreds digit of 6/x - ((-23960)/14)/5?
3
Let l = -357 - -361. Suppose -l*p - 5759 = -17*p. What is the tens digit of p?
4
Let d be (-360 + -6)*(-2)/(-4). Let f = d - -448. What is the hundreds digit of f?
2
Let k be (-18)/3 + 3 + 65. Let l = -50 + k. What is the units digit of (l/9)/(4/66)?
2
Let n = 252 - 452. Let o = -162 - n. What is the tens digit of o?
3
What is the units digit of -107 + 101 - (-1 - 71)?
6
Suppose 63 = 7*j - 273. Let k be (1*-6)/((-8)/j). What is the units digit of -1 + 2 + (k - (2 - 2))?
7
Let a(k) = -1 - 3*k**2 + 4 + 3*k**2 + 